inder when 9505926 is divided by 2497.
2344
What is the remainder when 234285 is divided by 78028?
201
What is the remainder when 39636669 is divided by 806?
7
What is the remainder when 43256 is divided by 42588?
668
What is the remainder when 192384985 is divided by 79?
77
What is the remainder when 3382011 is divided by 845473?
119
What is the remainder when 6044943 is divided by 671656?
39
What is the remainder when 582030 is divided by 96934?
426
What is the remainder when 11489823 is divided by 126?
9
What is the remainder when 1856806 is divided by 2408?
238
What is the remainder when 31076114 is divided by 5188?
5182
Calculate the remainder when 4026560 is divided by 2346.
824
Calculate the remainder when 6079070 is divided by 164299.
7
What is the remainder when 3819845 is divided by 3819835?
10
What is the remainder when 60322 is divided by 60067?
255
What is the remainder when 118471983 is divided by 212?
23
What is the remainder when 21621872 is divided by 41741?
34
Calculate the remainder when 28102034 is divided by 507.
38
Calculate the remainder when 545261 is divided by 8631.
1508
Calculate the remainder when 219236 is divided by 240.
116
What is the remainder when 10418 is divided by 212?
30
Calculate the remainder when 165039 is divided by 20628.
15
Calculate the remainder when 71654461 is divided by 994.
977
What is the remainder when 3992888 is divided by 853?
848
Calculate the remainder when 24459110 is divided by 920.
910
Calculate the remainder when 42178241 is divided by 67.
66
What is the remainder when 135899 is divided by 915?
479
What is the remainder when 26419413 is divided by 2641941?
3
What is the remainder when 106500 is divided by 21102?
990
What is the remainder when 3499370 is divided by 1799?
315
What is the remainder when 2925748 is divided by 89?
51
What is the remainder when 9768499 is divided by 3002?
2993
Calculate the remainder when 3468082 is divided by 53355.
7
What is the remainder when 19604617 is divided by 140?
137
Calculate the remainder when 217276681 is divided by 3133.
3131
Calculate the remainder when 242388 is divided by 269.
19
Calculate the remainder when 572585 is divided by 66.
35
Calculate the remainder when 7850148 is divided by 2202.
18
What is the remainder when 125147 is divided by 141?
80
What is the remainder when 1969891 is divided by 21?
7
Calculate the remainder when 169751 is divided by 1029.
995
What is the remainder when 19419241 is divided by 4490?
4481
Calculate the remainder when 22189664 is divided by 2044.
0
Calculate the remainder when 29137 is divided by 80.
17
Calculate the remainder when 27467 is divided by 5474.
97
What is the remainder when 418966232 is divided by 439?
436
What is the remainder when 98453 is divided by 24299?
1257
Calculate the remainder when 247254380 is divided by 2678.
2674
What is the remainder when 460195 is divided by 4261?
7
Calculate the remainder when 434948 is divided by 109.
38
What is the remainder when 584819749 is divided by 58481974?
9
What is the remainder when 875939 is divided by 5093?
5036
What is the remainder when 8864 is divided by 281?
153
What is the remainder when 501815631 is divided by 239?
237
Calculate the remainder when 4059140 is divided by 1977.
359
What is the remainder when 90190256 is divided by 3869?
3866
What is the remainder when 293882 is divided by 97935?
77
Calculate the remainder when 95698 is divided by 47824.
50
What is the remainder when 965466 is divided by 7904?
1178
What is the remainder when 370939 is divided by 450?
139
Calculate the remainder when 7065471 is divided by 19.
17
What is the remainder when 197668234 is divided by 20?
14
What is the remainder when 4818304 is divided by 52948?
36
What is the remainder when 116160053 is divided by 333?
329
Calculate the remainder when 65340 is divided by 17778.
12006
What is the remainder when 364452 is divided by 13?
10
What is the remainder when 378640 is divided by 376644?
1996
What is the remainder when 6721891 is divided by 2334?
2305
Calculate the remainder when 368984 is divided by 184481.
22
What is the remainder when 403308 is divided by 44?
4
Calculate the remainder when 3806015 is divided by 138.
113
What is the remainder when 4268107 is divided by 1771?
1768
What is the remainder when 12005 is divided by 298?
85
What is the remainder when 250304 is divided by 83279?
467
Calculate the remainder when 17434632 is divided by 17434607.
25
What is the remainder when 291482 is divided by 1916?
250
What is the remainder when 640920 is divided by 38?
12
Calculate the remainder when 95827327 is divided by 39.
37
Calculate the remainder when 106359 is divided by 7617.
7338
What is the remainder when 23232366 is divided by 98861?
31
Calculate the remainder when 2350659 is divided by 463.
8
Calculate the remainder when 50284374 is divided by 3142770.
54
Calculate the remainder when 2097082 is divided by 123356.
30
What is the remainder when 35545 is divided by 11677?
514
What is the remainder when 1183019 is divided by 31972?
55
What is the remainder when 1577687 is divided by 767?
735
Calculate the remainder when 4797735 is divided by 22.
19
Calculate the remainder when 4741096 is divided by 650.
646
Calculate the remainder when 628594 is divided by 2605.
789
What is the remainder when 965885 is divided by 63?
32
Calculate the remainder when 19707113 is divided by 13.
10
What is the remainder when 19213 is divided by 959?
33
Calculate the remainder when 1335836 is divided by 53.
24
Calculate the remainder when 1581014 is divided by 1580960.
54
What is the remainder when 69335 is divided by 31335?
6665
Calculate the remainder when 363917 is divided by 15379.
10200
Calculate the remainder when 1173758 is divided by 379.
374
Calculate the remainder when 19671095 is divided by 19671037.
58
Calculate the remainder when 602892 is divided by 132.
48
What is the remainder when 159170 is divided by 2525?
95
Calculate the remainder when 14846563 is divided by 3104.
131
What is the remainder when 249739 is divided by 412?
67
Calculate the remainder when 3503420 is divided by 437853.
596
What is the remainder when 3035229 is divided by 64?
29
Calculate the remainder when 13067786 is divided by 98254.
4
What is the remainder when 9391957 is divided by 1301?
38
What is the remainder when 832698 is divided by 96?
90
Calculate the remainder when 11667705 is divided by 230.
35
Calculate the remainder when 62325100 is divided by 123.
16
What is the remainder when 35914 is divided by 5523?
2776
What is the remainder when 888770 is divided by 444253?
264
Calculate the remainder when 7819 is divided by 73.
8
What is the remainder when 88480997 is divided by 54?
53
What is the remainder when 88719 is divided by 5914?
9
What is the remainder when 230201498 is divided by 8565?
8558
What is the remainder when 110513 is divided by 13811?
25
Calculate the remainder when 3357726 is divided by 8.
6
Calculate the remainder when 83099 is divided by 4.
3
Calculate the remainder when 2804301 is divided by 35.
31
Calculate the remainder when 20177250 is divided by 17576.
2
What is the remainder when 470116739 is divided by 41?
38
What is the remainder when 4419855 is divided by 169?
167
What is the remainder when 3846597 is divided by 200?
197
Calculate the remainder when 92585 is divided by 48.
41
What is the remainder when 628261 is divided by 369?
223
Calculate the remainder when 18706073 is divided by 18706060.
13
Calculate the remainder when 26450218 is divided by 30.
28
What is the remainder when 734042 is divided by 741?
452
What is the remainder when 790328 is divided by 158062?
18
Calculate the remainder when 34549859 is divided by 15.
14
What is the remainder when 984610 is divided by 541?
531
What is the remainder when 491225 is divided by 9850?
8575
What is the remainder when 50943 is divided by 904?
319
Calculate the remainder when 22053108 is divided by 191766.
18
What is the remainder when 2346680 is divided by 260740?
20
What is the remainder when 1897293 is divided by 1897277?
16
Calculate the remainder when 72796 is divided by 4895.
4266
Calculate the remainder when 252305 is divided by 3456.
17
Calculate the remainder when 176766 is divided by 2232.
438
What is 